5*g - c - 320 = 1800, 4*c + 443 = g. Calculate the highest common divisor of g and 47.
47
Let g be 109 + (-4 - (-8 + 3)). Let y = g + 9. What is the greatest common divisor of 17 and y?
17
Suppose -3*s + 1 = 3*i - 14, i + 3*s = 7. Let w be (-3 + 2 - -26) + (6 - i). Calculate the greatest common factor of 3 and w.
3
Let b(f) = 7*f**2 - 3*f**2 + 0*f**2 + f + 4*f**2. Let p be b(1). Let x(c) = -11*c + 6. Let w be x(-6). What is the highest common divisor of p and w?
9
Let v = 27 - 21. Suppose -7*w + 8 + v = 0. Calculate the greatest common divisor of 4 and w.
2
Let s = -821 + 848. Let r(t) = -27*t**3 - t**2 + 1. Let g be r(-1). What is the highest common factor of s and g?
27
Suppose 7*k + 101 = 3*q + 5*k, 2*k - 130 = -4*q. Let d(x) = x**3 + 6*x**2 - 5*x - 8. Let y be d(-6). What is the greatest common divisor of q and y?
11
Let z = -465 + 489. Let j = -166 + 286. Calculate the highest common divisor of j and z.
24
Let o be (-18)/12*10/(-3). Suppose -2*m = 8*m - 20. Suppose -l - 2*l = f - 38, o*f + 31 = m*l. What is the highest common factor of 26 and l?
13
Let s(h) = -2*h - 9. Let r be s(-6). Suppose 0 = 3*u - 2*u - r. Calculate the highest common factor of 9 and u.
3
Let i(x) = -3*x + 38. Let a be i(12). Calculate the greatest common factor of 18 and a.
2
Let n be 21/12 + (-6)/8. Suppose 4*g = 5*k - 4, 3*g - n = 5*k + 4*g. Let m = 22 + k. Calculate the highest common divisor of 55 and m.
11
Let t = -113 + 209. Calculate the greatest common factor of t and 48.
48
Suppose -22*d + 132 = -0*d. Calculate the highest common divisor of d and 52.
2
Let o be (108/21)/((-12)/(-56)). Suppose 6*j + 0 = o. What is the highest common divisor of 2 and j?
2
Let v(c) = -27*c + 16 + 7*c + 9*c + 10*c. Let y be v(7). Calculate the greatest common factor of 90 and y.
9
Let a = 2059 + -2002. Calculate the greatest common factor of a and 39.
3
Let s(l) = -8*l + 112. Let u be s(-12). Calculate the greatest common divisor of u and 13.
13
Suppose 188 = x + 44. Let l(h) = -h**2 + 9*h + 4. Let n be l(7). What is the greatest common factor of x and n?
18
Let c = 2223 - 2088. Calculate the greatest common factor of 243 and c.
27
Suppose 1142 = 23*i - 445. What is the highest common factor of 184 and i?
23
Let h be 46456/96 - 5/(-60). Calculate the highest common divisor of h and 220.
44
Let c(t) = -13*t**3 + t. Let d be c(-1). Suppose -3 = q - d. What is the greatest common factor of 12 and q?
3
Let u be 36/((8/(-6))/(-2)). Suppose -154*o - 18 = -155*o. Calculate the greatest common factor of u and o.
18
Suppose 13*v - 521 - 623 = 0. Calculate the highest common factor of v and 220.
44
Suppose 3*z = a - 45, -157*a = -162*a - 4*z + 149. Calculate the greatest common divisor of 33 and a.
33
Suppose -4*w + 20124 = 39*w. What is the highest common divisor of 1053 and w?
117
Suppose 3*f - 453 = 8*q - 4*q, 4*f - 617 = q. Calculate the greatest common divisor of f and 62.
31
Let f(a) = a**2 + 3*a - 601. Let q be f(27). Calculate the highest common factor of 341 and q.
11
Let w = -15 + 18. Suppose 0 = -2*k - 0*k - r + 125, -w*k = 2*r - 190. What is the greatest common divisor of 90 and k?
30
Suppose -80 = -4*u - 16*q + 17*q, -2*q + 20 = u. What is the greatest common factor of u and 1420?
20
Suppose 0 = -w - 3*w + 40. Let l be (-28)/6*-24 + 8/(-4). What is the greatest common factor of l and w?
10
Suppose 11 = i + g, -5*g - 36 = -3*i + 29. Calculate the greatest common divisor of 10 and i.
5
Let l = 72 - 38. What is the highest common divisor of 323 and l?
17
Let o = 42 - 42. Suppose s - 12 - 9 = o. What is the highest common factor of s and 63?
21
Let n = 16 + -10. Let u be 73/3 - (-8)/(-24). Let i = -9 + u. What is the greatest common factor of i and n?
3
Let f be ((-1005)/(-5) - -5) + -6. Calculate the highest common factor of f and 80.
40
Let b(d) = d**3 - 26*d**2 - 86*d - 6. Let q be b(29). Calculate the highest common factor of 253 and q.
23
Let g be 32/10*825/10. Suppose 132 = 7*l - 3*l. What is the highest common divisor of l and g?
33
Let s(o) = -o**2 + 8*o + 16. Let i be s(10). Let b be 1 + 4 + i - 3. Let a be (1*(-3 - -1))/b. What is the greatest common factor of 9 and a?
1
Suppose 4 = -s, 0 = 21*d - 19*d + 5*s + 8. Calculate the highest common factor of d and 8.
2
Suppose -5*i = -i + 20, -3*i + 96 = 3*o. Suppose 15 - 200 = -5*g. What is the greatest common factor of o and g?
37
Let s be (14/(-4) + 0)*36. Let b be (s/30)/((-1)/15). What is the greatest common factor of b and 21?
21
Let q = -726 + 1002. Calculate the highest common factor of q and 207.
69
Let v be (416/13)/((-2)/(-12)). Calculate the greatest common divisor of v and 12.
12
Suppose -j + 5 = -4. Suppose i = -j + 16. Suppose f - 3*n = i, -4*n + 27 = 3*f - 7. Calculate the greatest common divisor of f and 10.
10
Suppose -14*r = -12*r - 12. Let k be (-14)/35*(-151 + 1). Suppose r*h = h + k. Calculate the greatest common factor of h and 108.
12
Suppose 2*z = -3*p + 5, 0 = -4*z - z - 3*p + 17. Suppose -z*y = 4, 3*y = -s - 11 + 50. Calculate the greatest common factor of 378 and s.
42
Let r = -497 - -490. Let t(f) = -6*f - 7. Let g(o) = -11*o - 15. Let x(m) = 3*g(m) - 5*t(m). Let h be x(r). Calculate the highest common factor of 11 and h.
11
Suppose -q - 3*q = -4*s, 2*q - 4*s = 0. Let o be (q + 3)/(9/6). Suppose -o*c - 50 = -2*x, -2*x + 4*c = -0*x - 52. What is the highest common factor of x and 60?
12
Let z(n) = n**3 + 8*n**2 - 7*n + 48. Let x be z(-9). What is the highest common factor of 490 and x?
10
Let o = 88 + -56. Let b(f) = f**3 + 10*f**2 + 10*f + 9. Let j be b(-9). Suppose j = 5*t - t - o. What is the greatest common divisor of 2 and t?
2
Suppose o = -3*o + 24. Let r be 3*(0 + (3 - 6)/(-3)). Calculate the highest common factor of o and r.
3
Let j be 4/(-8) + 1/((-2)/(-685)). What is the greatest common factor of 18 and j?
18
Let u be -15*(0 - 1) + 0. Suppose 271 = -3*q + 1261. Suppose -q = m - 3*m. Calculate the greatest common factor of u and m.
15
Let h = 55 - 53. Calculate the greatest common factor of 134 and h.
2
Let x(t) = 20*t**2 - 13*t + 16. Let w be x(-6). Calculate the highest common factor of w and 74.
74
Let m be ((-4)/18*-3)/((-61)/(-3660)). Calculate the highest common factor of 610 and m.
10
Let x = 214 + -202. Calculate the greatest common factor of x and 84.
12
Let z be -48*(-2 - (-10)/6). Let s be (23 - 5)/(6/z). Calculate the greatest common factor of 6 and s.
6
Suppose 0 = -5*y - 3*o - 21 + 78, y - 29 = -5*o. Suppose -12*p + 45 = -7*p. What is the greatest common factor of p and y?
9
Suppose 0*x + 4*s = x + 6, 0 = 3*s. Let g be x/(-9)*(8 - 2). Let k(l) = -l**2 + 3*l + 5. Let v be k(g). Calculate the greatest common factor of v and 5.
1
Suppose 383*a - 378*a = 400. Calculate the greatest common divisor of 280 and a.
40
Suppose 1696 = 6*z - 446. Calculate the greatest common divisor of z and 102.
51
Suppose -49*k + 39*k + 340 = 0. Let d = 85 - 17. Calculate the highest common divisor of k and d.
34
Let t(k) = 6*k + 111. Let x be t(-10). What is the highest common divisor of 357 and x?
51
Let f(n) = n**2 + 10*n - 5. Let z be f(-11). Let y be ((-52)/z)/(0 - 3/90). What is the greatest common factor of 52 and y?
52
Let c(v) = -2*v**2 + 21*v + 2. Let w be c(10). Let x = 51 + -33. Calculate the greatest common divisor of w and x.
6
Let l(q) = -20*q - 18. Let c be l(-2). Calculate the greatest common divisor of 11 and c.
11
Let a(s) be the third derivative of s**5/30 - s**4/8 - s**3 + 13*s**2. Let r be a(-4). Calculate the highest common divisor of 152 and r.
38
Let d be (138/21)/((-106)/(-371)). Calculate the highest common divisor of 1127 and d.
23
Let n be 44/2 - 45*7/63. Calculate the highest common factor of 3298 and n.
17
Suppose 5*w - 17 - 23 = 0. Let l be (-40)/(2*(-4)/w). What is the greatest common factor of l and 20?
20
Let c(d) = 2*d**2 + 37*d + 14. Let u be c(18). Calculate the greatest common divisor of 83 and u.
83
Let s(k) = k**3 - 51*k**2 + 57*k - 343. Let g be s(50). Let j(x) = 76*x**2 + 1. Let q be j(1). What is the greatest common divisor of q and g?
7
Let c(u) = -u**2 - 12*u + 15. Let x = 6 + -19. Let y be c(x). Suppose -y*p + 65 = 3*p. Calculate the highest common divisor of p and 104.
13
Let p(o) = 4*o - 36. Let u = 71 + -57. Let d be p(u). Calculate the greatest c